{"id":326,"date":"2016-09-27T10:26:14","date_gmt":"2016-09-27T10:26:14","guid":{"rendered":"http:\/\/niobe.axiomthemes.com\/?page_id=326"},"modified":"2021-05-16T07:07:27","modified_gmt":"2021-05-16T05:07:27","slug":"qui-sommes-nous","status":"publish","type":"page","link":"https:\/\/mikkaevent.com\/index.php\/qui-sommes-nous\/","title":{"rendered":"Qui sommes-nous"},"content":{"rendered":"<p>[vc_row full_width=\u00a0\u00bbstretch_row_content_no_spaces\u00a0\u00bb][vc_column]<div  id=\"sc_promo_809242287\" \r\n\tclass=\"sc_promo color_style_default sc_promo_default sc_promo_size_normal sc_promo_image_position_left\"><div class=\"sc_promo_image\" style=\"background-image:url(https:\/\/mikkaevent.com\/wp-content\/uploads\/2021\/05\/1.jpg);width:50%;left: 0;\"><\/div><div class=\"sc_promo_text trx_addons_stretch_height\" style=\"width: 50%;float: right;\">\r\n\t\t\t<div class=\"sc_promo_text_inner sc_content_width_50%\" style=\"\"><div class=\"sc_promo_content sc_item_content\">[vc_empty_space height=\u00a0\u00bb2rem\u00a0\u00bb alter_height=\u00a0\u00bbnone\u00a0\u00bb hide_on_desktop=\u00a0\u00bb\u00a0\u00bb hide_on_notebook=\u00a0\u00bb\u00a0\u00bb hide_on_tablet=\u00a0\u00bb\u00a0\u00bb hide_on_mobile=\u00a0\u00bb\u00a0\u00bb][vc_row_inner][vc_column_inner]<div id=\"sc_title_364250978\"\n\t\tclass=\"sc_title color_style_default sc_title_huge shadow_bg_text\">\n\t<div class=\"sc_item_shadow_bg_text  sc_align_left sc_item_title_style_huge sc_item_shadow_size_big niobe_inline_1366408307\">MIKKA<\/div>\n\n<h3 class=\"sc_item_title sc_title_title sc_align_left sc_item_title_style_huge\">Mikka Event est une agence<\/h3><h6 class=\"sc_item_subtitle sc_title_subtitle sc_align_left sc_item_title_style_huge\">\u00e9v\u00e9nementielle avant-gardiste Tunisienne<\/h6><div class=\"sc_item_descr sc_title_descr sc_align_left\"><p>sp\u00e9cialis\u00e9e dans l\u2019\u00e9v\u00e9nementiel d\u2019entreprise et les s\u00e9jours \u00e0 th\u00e8mes hors des sentiers battus.<\/p>\n<p>Cr\u00e9\u00e9 en 2018, Mikka est devenue en l\u2019espace de quelques ann\u00e9es la r\u00e9f\u00e9rence du march\u00e9 pour son savoir-faire, son s\u00e9rieux et la qualit\u00e9 de ses partenaires.<br \/>\nNous avons une expertise de plus de 20 ans dans ce domaine o\u00f9 la logistique, l\u2019organisation et la pr\u00e9cision sont les maitres mots. Votre \u00e9v\u00e8nement d\u2019entreprise, votre s\u00e9jour ou votre prestation doivent \u00eatre un succ\u00e8s et leurs budgets doivent \u00eatre adapt\u00e9s.<\/p>\n<\/div><\/div><!-- \/.sc_title -->[vc_empty_space height=\u00a0\u00bb2.3rem\u00a0\u00bb alter_height=\u00a0\u00bbnone\u00a0\u00bb hide_on_desktop=\u00a0\u00bb\u00a0\u00bb hide_on_notebook=\u00a0\u00bb\u00a0\u00bb hide_on_tablet=\u00a0\u00bb\u00a0\u00bb hide_on_mobile=\u00a0\u00bb\u00a0\u00bb][\/vc_column_inner][\/vc_row_inner][vc_empty_space height=\u00a0\u00bb3rem\u00a0\u00bb alter_height=\u00a0\u00bbnone\u00a0\u00bb hide_on_desktop=\u00a0\u00bb\u00a0\u00bb hide_on_notebook=\u00a0\u00bb\u00a0\u00bb hide_on_tablet=\u00a0\u00bb\u00a0\u00bb hide_on_mobile=\u00a0\u00bb1&Prime;]<\/div><\/div>\r\n\t\t<\/div><!-- \/.sc_promo_text --><\/div><!-- \/.sc_promo -->[\/vc_column][\/vc_row][vc_row full_width=\u00a0\u00bbstretch_row_content_no_spaces\u00a0\u00bb hide_bg_image_on_tablet=\u00a0\u00bb\u00a0\u00bb hide_bg_image_on_mobile=\u00a0\u00bb\u00a0\u00bb][vc_column]<div  id=\"sc_promo_1989868982\" \r\n\tclass=\"sc_promo color_style_default sc_promo_default sc_promo_size_normal sc_promo_image_position_right\"><div class=\"sc_promo_image\" style=\"background-image:url(https:\/\/mikkaevent.com\/wp-content\/uploads\/2021\/05\/2.jpg);width:50%;right: 0;\"><\/div><div class=\"sc_promo_text trx_addons_stretch_height\" style=\"width: 50%;float: left;\">\r\n\t\t\t<div class=\"sc_promo_text_inner sc_content_width_50%\" style=\"\"><div class=\"sc_promo_content sc_item_content\">[vc_empty_space height=\u00a0\u00bb2rem\u00a0\u00bb alter_height=\u00a0\u00bbnone\u00a0\u00bb hide_on_desktop=\u00a0\u00bb\u00a0\u00bb hide_on_notebook=\u00a0\u00bb\u00a0\u00bb hide_on_tablet=\u00a0\u00bb\u00a0\u00bb hide_on_mobile=\u00a0\u00bb\u00a0\u00bb][vc_row_inner][vc_column_inner width=\u00a0\u00bb3\/4&Prime; offset=\u00a0\u00bbvc_col-sm-offset-1&Prime;]<div id=\"sc_title_2755248\"\n\t\tclass=\"sc_title color_style_default sc_title_huge shadow_bg_text\">\n\t<div class=\"sc_item_shadow_bg_text  sc_align_left sc_item_title_style_huge sc_item_shadow_size_default niobe_inline_1679030170\">EVENTS<\/div>\n\n<h3 class=\"sc_item_title sc_title_title sc_align_left sc_item_title_style_huge\">Voici quelques prestations<\/h3><h6 class=\"sc_item_subtitle sc_title_subtitle sc_align_left sc_item_title_style_huge\">exhaustives que nous pourrons vous aider \u00e0 concr\u00e9tiser :<\/h6><div class=\"sc_item_descr sc_title_descr sc_align_left\"><p>\u2022 La r\u00e9servation de salles ou d\u2019espaces de r\u00e9union\/s\u00e9minaires\/congr\u00e8s dans des villes comme Tunis, Paris ou Duba\u00ef.<br \/>\n\u2022 L\u2019organiser de team building dans des endroits insolites pour vote staff et vos clients : location de Yacht sur la c\u00f4te d\u2019Azur, un campement au milieu du d\u00e9sert Tunisien, privatisation d\u2019un palais en Russie ou une r\u00e9serve animali\u00e8re en Afrique du Sud.<br \/>\n\u2022 La r\u00e9ussite d\u2019un lancement de produit original pour sensibiliser vos clients et atteindre vos objectifs.<br \/>\n\u2022 La Motivation vos collaborateurs avec des voyages incentives et des activit\u00e9s ludiques, personnalis\u00e9es et originales. Des employ\u00e9s \u00e9panouis, investis dans leur travail et faisant partie d\u2019une \u00e9quipe, c\u2019est cela l\u2019importance des voyages de motivation.<br \/>\n\u2022 L\u2019organisation de vos voyages d\u2019affaires et d\u00e9placement professionnel avec un budget maitris\u00e9.<br \/>\n\u2022 Des voyages sur mesure pour r\u00e9compenser vos clients b2b.<br \/>\n\u2022 La conception et la confection de textile publicitaire pour vos \u00e9v\u00e8nements.<\/p>\n<\/div><\/div><!-- \/.sc_title -->[vc_empty_space height=\u00a0\u00bb2.3rem\u00a0\u00bb alter_height=\u00a0\u00bbnone\u00a0\u00bb hide_on_desktop=\u00a0\u00bb\u00a0\u00bb hide_on_notebook=\u00a0\u00bb\u00a0\u00bb hide_on_tablet=\u00a0\u00bb\u00a0\u00bb hide_on_mobile=\u00a0\u00bb\u00a0\u00bb][\/vc_column_inner][\/vc_row_inner][vc_empty_space height=\u00a0\u00bb3rem\u00a0\u00bb alter_height=\u00a0\u00bbnone\u00a0\u00bb hide_on_desktop=\u00a0\u00bb\u00a0\u00bb hide_on_notebook=\u00a0\u00bb\u00a0\u00bb hide_on_tablet=\u00a0\u00bb\u00a0\u00bb hide_on_mobile=\u00a0\u00bb1&Prime;]<\/div><\/div>\r\n\t\t<\/div><!-- \/.sc_promo_text --><\/div><!-- \/.sc_promo -->[\/vc_column][\/vc_row][vc_row full_width=\u00a0\u00bbstretch_row_content_no_spaces\u00a0\u00bb][vc_column]<div  id=\"sc_promo_101639271\" \r\n\tclass=\"sc_promo color_style_default sc_promo_default sc_promo_size_normal sc_promo_image_position_left\"><div class=\"sc_promo_image\" style=\"background-image:url(https:\/\/mikkaevent.com\/wp-content\/uploads\/2021\/05\/3.jpg);width:50%;left: 0;\"><\/div><div class=\"sc_promo_text trx_addons_stretch_height\" style=\"width: 50%;float: right;\">\r\n\t\t\t<div class=\"sc_promo_text_inner sc_content_width_50%\" style=\"\"><div class=\"sc_promo_content sc_item_content\">[vc_empty_space height=\u00a0\u00bb2rem\u00a0\u00bb alter_height=\u00a0\u00bbnone\u00a0\u00bb hide_on_desktop=\u00a0\u00bb\u00a0\u00bb hide_on_notebook=\u00a0\u00bb\u00a0\u00bb hide_on_tablet=\u00a0\u00bb\u00a0\u00bb hide_on_mobile=\u00a0\u00bb\u00a0\u00bb][vc_row_inner][vc_column_inner]<div id=\"sc_title_808352778\"\n\t\tclass=\"sc_title color_style_default sc_title_huge\"><div class=\"sc_item_descr sc_title_descr sc_align_left\"><p>\u2022\tNotre aide \u00e0 l\u2019\u00e9laboration d\u2019un plan marketing et d\u2019une communication autour de votre \u00e9v\u00e8nement.<br \/>\n\u2022\tL\u2019organisation de voyages et s\u00e9jours sportifs en Tunisie ou dans le monde.<br \/>\n\u2022\tDes s\u00e9jours \u00e0 th\u00e8mes tr\u00e8s originaux :<br \/>\n\u27a2\tS\u00e9jour de Ski : vacances d\u2019hiver, initiation au ski, randonn\u00e9e en montagne.<br \/>\n\u27a2\tS\u00e9jour en mer \u00e0 bord d\u2019un voilier.<br \/>\n\u27a2\tS\u00e9jour en nature : Camping, randonn\u00e9e, initiation au camping.<br \/>\n\u27a2\tS\u00e9jour sportif : circuit en VTT avec camping, initiation \u00e0 la voile, initiation au v\u00e9lo, stage de sport (v\u00e9lo, course \u00e0 pied et natation).<br \/>\n\u27a2\tS\u00e9jour dans le Sud tunisien en 4X4 avec des campings itin\u00e9rants.<br \/>\n\u2022\tR\u00e9servation de billets d\u2019avion et de bateaux<br \/>\n\u2022\tR\u00e9servations de votre s\u00e9jour h\u00f4tel en Tunisie ou \u00e0 l\u2019\u00e9tranger<br \/>\n\u2022\tR\u00e9servations des meilleures chambres d\u2019h\u00f4tes et h\u00f4tels de charme en Tunisie.<br \/>\nNous avons d\u00e9j\u00e0 organis\u00e9 plusieurs \u00e9v\u00e8nements pour de grandes enseignes tunisiennes et internationales. Beaucoup de partenaires qui poss\u00e8dent de grands budgets nous font confiance depuis la cr\u00e9ation de Mikka.<br \/>\nNotre retour satisfaction est de 100% parce que nous sommes \u00e0 l\u2019\u00e9coute de nos clients, nous analysons leurs besoins et nous proposons un produit adapt\u00e9 et un budget optimis\u00e9.<br \/>\nPour une consultation et un devis d\u00e9taill\u00e9 veuillez envoyer une demande \u00e0 contact@mikkaevent.com<\/p>\n<\/div><\/div><!-- \/.sc_title -->[vc_empty_space height=\u00a0\u00bb2.3rem\u00a0\u00bb alter_height=\u00a0\u00bbnone\u00a0\u00bb hide_on_desktop=\u00a0\u00bb\u00a0\u00bb hide_on_notebook=\u00a0\u00bb\u00a0\u00bb hide_on_tablet=\u00a0\u00bb\u00a0\u00bb hide_on_mobile=\u00a0\u00bb\u00a0\u00bb][\/vc_column_inner][\/vc_row_inner][vc_empty_space height=\u00a0\u00bb3rem\u00a0\u00bb alter_height=\u00a0\u00bbnone\u00a0\u00bb hide_on_desktop=\u00a0\u00bb\u00a0\u00bb hide_on_notebook=\u00a0\u00bb\u00a0\u00bb hide_on_tablet=\u00a0\u00bb\u00a0\u00bb hide_on_mobile=\u00a0\u00bb1&Prime;]<\/div><\/div>\r\n\t\t<\/div><!-- \/.sc_promo_text --><\/div><!-- \/.sc_promo -->[\/vc_column][\/vc_row]<\/p>\n","protected":false},"excerpt":{"rendered":"<p>[vc_row full_width=\u00a0\u00bbstretch_row_content_no_spaces\u00a0\u00bb][vc_column][\/vc_column][\/vc_row][vc_row full_width=\u00a0\u00bbstretch_row_content_no_spaces\u00a0\u00bb hide_bg_image_on_tablet=\u00a0\u00bb\u00a0\u00bb hide_bg_image_on_mobile=\u00a0\u00bb\u00a0\u00bb][vc_column][\/vc_column][\/vc_row][vc_row full_width=\u00a0\u00bbstretch_row_content_no_spaces\u00a0\u00bb][vc_column][\/vc_column][\/vc_row]<\/p>\n","protected":false},"author":1,"featured_media":0,"parent":0,"menu_order":0,"comment_status":"closed","ping_status":"closed","template":"","meta":{"footnotes":""},"_links":{"self":[{"href":"https:\/\/mikkaevent.com\/index.php\/wp-json\/wp\/v2\/pages\/326"}],"collection":[{"href":"https:\/\/mikkaevent.com\/index.php\/wp-json\/wp\/v2\/pages"}],"about":[{"href":"https:\/\/mikkaevent.com\/index.php\/wp-json\/wp\/v2\/types\/page"}],"author":[{"embeddable":true,"href":"https:\/\/mikkaevent.com\/index.php\/wp-json\/wp\/v2\/users\/1"}],"replies":[{"embeddable":true,"href":"https:\/\/mikkaevent.com\/index.php\/wp-json\/wp\/v2\/comments?post=326"}],"version-history":[{"count":8,"href":"https:\/\/mikkaevent.com\/index.php\/wp-json\/wp\/v2\/pages\/326\/revisions"}],"predecessor-version":[{"id":2213,"href":"https:\/\/mikkaevent.com\/index.php\/wp-json\/wp\/v2\/pages\/326\/revisions\/2213"}],"wp:attachment":[{"href":"https:\/\/mikkaevent.com\/index.php\/wp-json\/wp\/v2\/media?parent=326"}],"curies":[{"name":"wp","href":"https:\/\/api.w.org\/{rel}","templated":true}]}}